 digit of t?
3
Suppose 0 = -2*h + 19*i - 18*i + 6, -3 = -h + i. Suppose 0 = -0*t - 2*t + 48. Suppose 0 = 6*s - h*s - t. What is the units digit of s?
8
Let x(u) = u**2 + 8*u + 22. Let j(d) = -d**2 - 7*d - 10. Let o be j(-4). Let q be (-3)/o*((-20)/(-4) - 1). What is the tens digit of x(q)?
1
Let k = -1549 - -3161. Suppose 5*g = -8*g + k. What is the hundreds digit of g?
1
Suppose 3*f = -w - 6, 3*w - 21*f = -19*f - 40. Let b(q) be the first derivative of q**3 + 14*q**2 + 6*q - 3. What is the units digit of b(w)?
2
Let j = -112 - -242. Let d = j - 94. What is the tens digit of d?
3
Let j(v) = -v**3 + v**2 + 4*v + 2. Let r be j(-1). Let z be r/(-4) - (-3 - 0)/1. Suppose z*o - 2*m - m = 273, -o + 3*m = -83. What is the tens digit of o?
9
Let j(o) = o**3 + o**2 - 8*o - 4. Let p be j(-3). Suppose -g = -2*g - p. What is the tens digit of (-1)/(-3*g/(-366))?
6
Let y = -54 - -42. Let m(n) = -n**3 - 9*n**2 + 34*n - 12. What is the units digit of m(y)?
2
Suppose -7*a - 2193 = 166. Let v = 2359 + a. What is the thousands digit of v?
2
Let p(c) = 20 - 1 + 53 - 7 + 21*c. What is the hundreds digit of p(20)?
4
Suppose 3*n - 115279 = -5*h - 18764, 0 = -5*h + 3*n + 96515. What is the thousands digit of h?
9
Let v(q) = q**3 + 11*q**2 - 16*q - 18. Let y be v(-12). What is the units digit of (5/y*9 + 1)*28?
0
Let k(b) = b**3 - 41*b**2 + 133*b - 72. Let c be k(48). Suppose -21*n = -9*n - c. What is the thousands digit of n?
1
Suppose s + 7 = 29. Suppose 15*n + 1897 = s*n. What is the hundreds digit of n?
2
Let c be 1/(-4) - (1 - (-58)/(-8)). Let i be -3 + (-2 - c)/4. What is the units digit of 2944/10 + 2/i?
4
Let r = 23165 + -2276. What is the hundreds digit of r?
8
Let u(j) = 15*j**3 - 43*j**2 + 19*j + 43. What is the thousands digit of u(14)?
3
Suppose -2*g = 0, -4*g + 10 - 23 = -u. Suppose 0 = 4*i, -2*n - u*i + 16*i + 420 = 0. What is the tens digit of n?
1
Let b be (-3 + 10 - 3) + 1979. Suppose -b = -14*m + 2819. What is the units digit of m?
3
Suppose -2*w - 127944 = -20*w + 198954. What is the units digit of w?
1
What is the tens digit of (-5 + 3)/(1 + (-11695)/11690)?
7
Let r = 12560 - 4688. What is the tens digit of r?
7
Let v = -22959 - -14676. What is the tens digit of (2/(-3))/(22/v)?
5
Let q(p) = -52*p - 81. Let n(b) = 12*b + 44. Let f be n(-4). What is the hundreds digit of q(f)?
1
Suppose 19*l - 18*l = z + 6655, 5*z = -2*l + 13303. What is the tens digit of l?
5
Let w(v) = 16*v + 42. Let h be (2 - 9/3) + (-5 - -36). Let u be ((-126)/h + -1)*(-10)/4. What is the tens digit of w(u)?
5
Let j(c) = 5*c - 31. Let f be j(19). Let a = f - 59. Suppose a*i + 9 = 104. What is the units digit of i?
9
Let y = 22 + -4. Let h = 171 - y. What is the units digit of h/18*14/1?
9
Suppose -4*z + 0*z + 44 = 0. Suppose 36 = z*c - 8*c. Let j(l) = -l**3 + 11*l**2 + 22*l. What is the tens digit of j(c)?
2
Suppose -j + 0 + 20 = 0. Suppose -1688 = -22*i + j*i. What is the units digit of i?
4
Suppose 13*k - 2 = 50. Suppose 3*i = 2*z - 2023 + 72, -k*i + 1972 = 2*z. What is the units digit of z?
0
Let z(m) = -2*m**3 + 63*m**2 + 9*m - 18. What is the thousands digit of z(13)?
6
Let q(o) = o**3 - 15*o**2 + 160*o + 221. What is the thousands digit of q(32)?
2
Let p(x) = 3*x + 19. Let q be p(-7). What is the units digit of (-172)/43 + 1 + (-390)/q?
2
Let h be 12/12 - (-4 + 0 + 1). Suppose 2*p - 29 = -h*f - 9, -f = -3*p + 23. Suppose 4*u = -p*u + 1332. What is the hundreds digit of u?
1
Let z(a) = 13*a + 97. Let m be z(-9). Let x = 88 + -40. Let r = m + x. What is the tens digit of r?
2
Let f be (-1)/5 + (-1358)/10 - 1. Suppose -6*b + 10*b + 1112 = 0. Let a = f - b. What is the tens digit of a?
4
Let a(x) = 2331*x - 553. What is the tens digit of a(4)?
7
Suppose 2*k + 14 = 24. Suppose 5*h = y + 32, -16 - 30 = 3*y - k*h. What is the units digit of ((-842)/y)/1 + (-8)/28?
0
Suppose 3*i - 25205 = 4*s, -3*s = 5 + 10. What is the hundreds digit of (-6)/4 - i/(-46)?
1
Suppose 538 = 3*z - 122. Suppose -71*k + z = -66*k. What is the tens digit of (-10)/(-55) + 4084/k?
9
Suppose -4*a - c = 9 - 17, 5*a - 4*c = 10. Suppose 508 = -a*s + 4*s + 2*b, -234 = -s + 3*b. What is the tens digit of s?
4
Let x = -5 + 16. Let g be (-200)/(-4) - (4 + -3). Let p = g - x. What is the units digit of p?
8
Let u be 31/2 + 1/(-2). Suppose 2*v - u = -5*r + 18, 0 = 5*v + 2*r - 30. Suppose 251 = v*f + 3. What is the tens digit of f?
6
Suppose -93*z - 29959 + 373780 = 0. What is the tens digit of z?
9
Suppose -134*n + 442692 = -44532. What is the tens digit of n?
3
Let s(n) = 0*n**2 - 18*n**2 - 3*n**2 - 9 + 53*n - n**3 - 15. What is the hundreds digit of s(-24)?
4
Let l = 15 - 13. Suppose -l*i - 6*i + 1648 = 0. What is the tens digit of i?
0
Suppose -5*w + 6*w = 59. Suppose -56*s + 2*u - 2746 = -w*s, 3652 = 4*s + 5*u. What is the hundreds digit of s?
9
Suppose -5097767 = -162*x + 5095273. What is the ten thousands digit of x?
6
Suppose -24*q + 25*q - 4 = 0. Suppose -5*k = -6*k + 3*u + 210, q*u = 0. What is the tens digit of k?
1
Suppose 94*p - 111588 = 43*p. What is the units digit of p?
8
Suppose 0 = 3*k + 3*k + 132. Let h = k + 24. Suppose 3*y + 4*r - 371 = -87, -h*y + 4*r = -156. What is the tens digit of y?
8
Let b be 12/21 - 144/(-42). Suppose -b*x + x = 3*y - 279, -2*x - 5*y = -183. What is the tens digit of x?
9
Suppose -8*i + 13*i = -5*i. Suppose x - 3*x + 692 = i. What is the units digit of x?
6
Let t be 2/(-8) + 189/(-28) + 7. Suppose -4*i = c + 71 - 193, t = c - 5*i - 95. What is the tens digit of c?
1
What is the units digit of (5991/(-3) - (0 + -3))*(3 + -5)?
8
Suppose 5*x + 915 + 2006 = 2*n, -4429 = -3*n - 2*x. Let b = n - 404. What is the hundreds digit of b?
0
Let t = -1070 - -2047. Let r = -578 + t. What is the hundreds digit of r?
3
Let d(j) = j**3 + 12*j**2 + 3*j - 9. Let b be d(-8). Let s(y) = -y**3 - 3*y**2 + y + 333. Let g be s(0). Let q = g - b. What is the tens digit of q?
1
Let k = -7390 + 7439. Let i(x) = -x**3 + 7*x**2 - x - 4. Let r be i(5). Let s = k + r. What is the units digit of s?
0
Suppose -5*h + 190 = -2*u, 5*h - 152 = h - 2*u. Let f = h + -40. What is the tens digit of (-138)/(-9) + f/6?
1
Suppose -4*x + 5*r + 39 = -1, 4*r = 5*x - 50. What is the units digit of (78/x)/(1/255)?
9
Suppose 4*h = 5*w - 350, -21*h + 19*h = 2*w - 158. Let r be (1 - 2 - -2) + 1. Suppose 0 = 3*p - r*x - 191, -113 = -3*p - 2*x + w. What is the tens digit of p?
6
Let g(v) = 3*v**2 + 0*v - 28*v + 7*v + 8. Let p(d) = -3*d**2 - 22*d - 15. Let b be p(-6). What is the tens digit of g(b)?
6
Let o = 18 + -10. Suppose -o*n + 247 = -177. What is the units digit of n?
3
Suppose a - 4*z - 1230 - 29050 = 0, 4*z = 3*a - 90856. What is the tens digit of a?
8
Let i(s) = -3*s**2 - s. Let n(f) = 11 - 13 + 3. Let l(h) = -i(h) - 4*n(h). What is the hundreds digit of l(-8)?
1
Suppose -2 = -8*g - 10. What is the tens digit of (-448)/g - (2 + -2)?
4
Let h = 651 + 1528. What is the tens digit of h?
7
Suppose 0 = 4*s - 4*a - 52, 3*a + a - 29 = -5*s. Suppose 5*z = -3*k + 54, 6 + s = 5*k. Let h(n) = 23*n - 10. What is the hundreds digit of h(z)?
1
Suppose 7603 + 1547 = -15*p. Let h = p + 1434. What is the units digit of h?
4
What is the thousands digit of (((-28)/3)/14)/(16/(-216264))?
9
Let u = 4550 + 20880. What is the thousands digit of u?
5
Suppose -25 - 20 = -3*w. Suppose 54 = -9*x + w*x. What is the hundreds digit of x/(-2)*(-76)/3?
1
Let k be ((-26)/4)/(4/(-24)). Let t be (143/k)/(1/3). Suppose 2*c - 5*h - 69 = 0, t = -3*c + 2*h + 131. What is the units digit of c?
2
Let z(y) = -133*y**2 + 5*y. Let m be z(4). Suppose -5*p = -3*d - 31, d - 2*p + 12 = -0*p. What is the units digit of (m/6)/d - 46/69?
5
Suppose -6*k - 6 = -36. Suppose 3*w = -n - 3*n + 35, k*w = 25. Suppose 150 = 11*r - n*r. What is the tens digit of r?
2
Suppose -3*q + 4*h = -19076, -5363 = -3*q - h + 13703. Suppose 0*n + 14*n = q. What is the hundreds digit of n?
4
Let w be 1/3 - -1*83/3. Let c = 33 - w. Suppose -5*d - a - 2*a = -52, 56 = c*d + 4*a. What is the units digit of d?
8
Let n(r) = 6*r + 33. Let t be n(-7). Let a = 72 + t. What is the tens digit of a?
6
Let q = -4320 - -9917. What is the hundreds digit of q?
5
Suppose 0 = -74*x - 49*x - 4*x + 1418844. What is the units digit of x?
2
Suppose 0 = -4*s - 4*g - 164, 2*g = -5*s - 291 + 101. Let f be ((